) = s**2 + 772*s + 46221. Calculate r(-63).
1554
Let b(q) = 8*q**2 - 235*q - 1705. Determine b(-7).
332
Let n(d) = -1581*d + 97990. Give n(62).
-32
Let w(m) = -10426*m + 72978. Give w(7).
-4
Let c(p) = -7*p**2 - 3554*p - 2741. Give c(-507).
-206
Let s(c) = c**3 - 11*c**2 - 62*c + 740. Give s(9).
20
Let a(l) = -26*l**3 + 78*l**2 - 19279*l + 57830. What is a(3)?
-7
Let f(w) = 2*w**3 + 140*w**2 + 29*w - 178. Calculate f(0).
-178
Let v(l) = 22*l**2 + 162*l - 221. Give v(-5).
-481
Let g(b) = -468*b - 114149. Calculate g(-244).
43
Let k(l) = -8441*l - 33948. Calculate k(-4).
-184
Let j(c) = -3*c**2 + 8783*c - 78808. Calculate j(9).
-4
Let a(r) = 749489*r + 4496940. Determine a(-6).
6
Let k(r) = -75*r**2 + 21686*r - 3238. Calculate k(289).
-59
Let r(h) = h**3 + 79*h**2 + 528*h + 17109. Give r(-75).
9
Let q(k) = -15*k**2 + 205*k - 2504. Determine q(12).
-2204
Let o(y) = 74*y**2 - 1418*y - 1408. What is o(20)?
-168
Let q(y) = 4*y**3 - 36*y**2 + 63*y + 49. Determine q(6).
-5
Let f(i) = -i**3 + 90*i**2 - 1147*i + 94039. Calculate f(89).
-123
Let q(b) = 3746*b - 153439. What is q(41)?
147
Let c(z) = 8*z**2 + 266*z + 3143. Give c(-11).
1185
Let o(g) = -7*g**3 - 3*g**2 + 37*g - 66. Calculate o(4).
-414
Let b(v) = 1321*v + 8136. Give b(-6).
210
Let a(x) = -9*x**3 + 15*x**2 - 22*x - 9. Calculate a(3).
-183
Let w(d) = -d**3 + 63*d**2 - 488*d - 14608. What is w(45)?
-118
Let m(l) = 4*l**2 + 77*l + 46. Give m(-6).
-272
Let d(q) = 13281*q - 65874. Give d(5).
531
Let v(f) = 113*f**2 - 6209*f - 286. Determine v(55).
44
Let f(w) = 214*w + 7762. What is f(-36)?
58
Let f(u) = 3689*u + 741371. Determine f(-201).
-118
Let z(t) = -t**2 - 215*t - 592. Give z(-4).
252
Let c(b) = 4*b**3 - 425*b**2 + 112*b - 634. Give c(106).
2
Let t(c) = -6*c**2 - 48*c + 41. What is t(4)?
-247
Let z(v) = 33*v**2 + 667*v + 102. Calculate z(-20).
-38
Let s(l) = 4*l**3 + 675*l**2 - 172*l - 566. Calculate s(-169).
-59
Let n(m) = 481*m**2 - 2395*m + 17. Calculate n(6).
2963
Let n(v) = -3858*v - 30979. Give n(-8).
-115
Let o(d) = -d**3 + 24*d**2 - 150*d + 143. Determine o(11).
66
Let g(m) = 108*m**3 + 11453*m + 11453. What is g(-1)?
-108
Let a(v) = -v**3 + 203*v**2 + 3*v - 2288. Give a(203).
-1679
Let v(a) = 48*a**2 + 16592*a - 5529. What is v(-346)?
7
Let f(i) = 9*i**3 + 90*i**2 - 16*i + 132. Give f(-9).
1005
Let g(p) = 65*p**2 - 5805*p + 1442. Give g(89).
-338
Let w(m) = -m**3 + 394*m**2 + 3623*m - 32. Determine w(-9).
4
Let b(q) = q**2 + 785797*q - 9429709. Determine b(12).
-1
Let p(d) = 7259*d - 283104. Determine p(39).
-3
Let k(o) = -3*o**3 - 549*o**2 - 592*o - 8366. Determine k(-182).
6
Let l(o) = -1266*o - 15204. Give l(-12).
-12
Let a(v) = v**3 + 62*v**2 - 402*v + 368. Give a(-68).
-40
Let z(a) = -905*a**2 + 83258*a + 189. What is z(92)?
5
Let x(d) = -1373*d + 12557. Determine x(9).
200
Let c(k) = -57*k**2 + 34*k - 79. What is c(0)?
-79
Let d(h) = 3*h**2 - 223*h + 1003. Calculate d(72).
499
Let x(f) = -360*f + 80459. Determine x(223).
179
Let j(g) = -2260*g + 1541. Calculate j(1).
-719
Let f(m) = -2*m**3 + 47*m**2 + 220*m - 10. Calculate f(26).
2330
Let u(w) = -w**3 + 7*w**2 + 1245*w - 11111. Determine u(9).
-68
Let n(r) = 22*r**2 + 632*r + 3634. Give n(-8).
-14
Let b(u) = 5254*u - 32938. What is b(7)?
3840
Let u(i) = -3*i**2 - 33*i + 6764. Determine u(-52).
368
Let y(g) = -13941*g - 1115280. What is y(-80)?
0
Let q(w) = 402621*w - 55159069. Calculate q(137).
8
Let h(m) = -5*m**2 + 467*m + 9407. Give h(-17).
23
Let y(g) = -4353*g + 496241. Calculate y(114).
-1
Let g(u) = 17118*u + 1677566. Determine g(-98).
2
Let f(u) = 34*u**2 - 51*u - 317. Determine f(-5).
788
Let k(a) = -a**3 - 129*a**2 + 2469*a + 21634. What is k(-145)?
29
Let v(r) = 2*r**3 + 11*r**2 + 896*r + 4450. Calculate v(-5).
-5
Let w(u) = -26*u**3 - 3530*u**2 - 6159*u + 679. Give w(-134).
9
Let b(d) = -27*d**2 - 10236*d + 19432. What is b(-381)?
1
Let a(v) = 18*v**2 + 1902*v + 21255. Give a(-93).
51
Let m(t) = -298*t**3 - 4172*t**2 + 3*t + 164. What is m(-14)?
122
Let g(j) = 7*j**2 - 147*j + 709. What is g(8)?
-19
Let c(z) = 7*z**3 - 3*z**2 + 44*z + 28. What is c(7)?
2590
Let k(d) = 430*d**3 + 99*d**2 + 105*d + 3. Calculate k(-1).
-433
Let b(p) = -2336*p - 13583. Calculate b(-7).
2769
Let i(b) = 5*b**3 + 146*b**2 + 397*b + 6417. Calculate i(-28).
5
Let v(c) = 8*c**3 + 18*c**2 - 197*c - 96. Determine v(-6).
6
Let t(m) = 31*m - 1925. Determine t(68).
183
Let a(g) = 348*g + 50366. Give a(-147).
-790
Let n(t) = -5*t**2 - 556*t - 8794. Give n(-19).
-35
Let w(z) = 4931*z - 567062. What is w(115)?
3
Let j(z) = -z + 308. Determine j(309).
-1
Let f(w) = w**3 + 16*w**2 + 122*w + 1042. Calculate f(-12).
154
Let q(y) = 4*y**2 + 2970*y + 35. Give q(0).
35
Let m(i) = i**3 + 740*i**2 + 4413*i + 28. Give m(-6).
-26
Let k(n) = -273*n - 14728. Calculate k(-54).
14
Let i(d) = -5*d**2 - 4054*d + 77687. Give i(19).
-1144
Let a(v) = v**3 + 197*v**2 + 751*v - 4478. Give a(-193).
-425
Let k(r) = -418*r**2 - 24*r - 66. What is k(-2)?
-1690
Let d(n) = -28294*n + 310969. Determine d(11).
-265
Let h(z) = -52*z**2 - 1919*z + 354. Give h(-37).
169
Let x(g) = 1173*g - 10737. Determine x(11).
2166
Let b(c) = 2*c**3 - 12*c**2 - 1583*c + 1031. What is b(31)?
8
Let q(u) = 4*u**3 + 214*u**2 + 311*u - 2. Give q(-52).
50
Let c(l) = -2*l**3 + 81*l**2 + 557*l + 3. Give c(-6).
9
Let p(w) = -w**2 + 2791*w + 292. Determine p(0).
292
Let r(a) = -1536*a - 523782. Give r(-341).
-6
Let a(h) = 20920*h + 145986. Calculate a(-7).
-454
Let s(r) = 2*r**3 - 28*r**2 + 139*r - 802. Determine s(15).
1733
Let l(o) = 10483*o + 251610. Give l(-24).
18
Let y(u) = 1955*u + 191. What is y(0)?
191
Let t(y) = -y**3 - 244*y**2 - 5241*y + 8584. Determine t(-220).
4
Let s(y) = -368219*y - 736417. Calculate s(-2).
21
Let g(m) = 7*m**2 - 197*m - 19. Calculate g(0).
-19
Let m(h) = 86*h**2 - h + 52. Give m(0).
52
Let i(m) = -1600*m - 246816. Determine i(-154).
-416
Let h(u) = u**3 - 47*u**2 + 549*u + 155. Give h(22).
133
Let d(q) = 860*q**2 - 18709*q + 18709. What is d(1)?
860
Let t(q) = -2*q**3 + 134*q**2 - 1828*q + 79. Determine t(19).
3
Let i(s) = -38*s**2 + 28*s + 869. Calculate i(5).
59
Let f(q) = -429*q**2 - 32137*q + 2856. What is f(-75)?
6
Let m(f) = 107*f + 630. Calculate m(-15).
-975
Let n(l) = 5*l**2 + 1290*l + 51203. Determine n(-209).
-2
Let n(m) = -m**3 + 12*m**2 + 388*m - 2384. Determine n(6).
160
Let h(j) = -114*j**2 + 778*j + 1103. Calculate h(8).
31
Let f(p) = 184526*p - 2029777. Give f(11).
9
Let z(v) = 411*v**2 + 14798*v + 76. Calculate z(-36).
4
Let f(z) = 10*z**3 + 35*z**2 - 40*z + 8. What is f(-6)?
-652
Let s(i) = -i**3 + 167*i**2 - 823*i + 55. Calculate s(5).
-10
Let t(a) = 2*a**3 - 193*a**2 - 17921*a + 55. Calculate t(-58).
-3
Let k(h) = 686*h + 4264. Determine k(-7).
-538
Let o(g) = -2*g**3 - 150*g**2 - 1255*g - 389. What is o(-8)?
1075
Let n(m) = 55*m**3 - 495*m**2 - 5*m - 4. What is n(9)?
-49
Let h(u) = 3*u**3 - 558*u**2 + 71*u - 13248. Calculate h(186).
-42
Let u(y) = 1512*y - 16531. Give u(11).
101
Let q(p) = 267*p**2 + 730*p + 48. Calculate q(-3).
261
Let i(m) = -12*m**2 + 80*m - 211. Calculate i(3).
-79
Let n(b) = -51*b**3 - 18*b**2 + 19*b - 1. Calculate n(1).
-51
Let q(d) = 78*d**2 - 698*d - 4102. Calculate q(13).
6
Let k(n) = -31*n**3 + 5517*n**2 + 172*n + 384. Give k(178).
-684
Let n(h) = 724*h**2 + 8753*h + 309. Calculate n(-12).
-471
Let g(v) = -29211*v + 175196. Determine g(6).
-70
Let k(h) = -h**3 + 51*h**2 + 572*h - 28981. Determine k(51).
191
Let a(b) = b**2 + 15616*b - 8707564. What is a(539)?
-19
Let u(v) = -44*v - 2074. Calculate u(-48).
38
Let m(n) = -56093*n + 112185. Give m(2).
-1
Let s(d) = -2*d**2 + 428*d + 234766. Calculate s(-252).
-98
Let h(d) = -15*d**2 - 377*d - 831. Determine h(-20).
709
Let u(v) = 2*v**3 - 1081*v**2 + 4931*v - 57345. Determine u(536).
7
Let d(q) = -q**3 + 222*q**2 + 1059*q + 17120. What is d(227)?
-132
Let a(t) = -t**2 - 17*t - 890. Calculate a(0).
-890
Let k(u) = -u**3 - 7*u**2 + 33922*u + 203561. What is k(-6)?
-7
Let x(s) = -79*s**3 - 584*s**2 - 980*s - 187. Calculate x(-5).
-12
Let u(c) = -c**3 + 8*c**2 - 122*c + 1464. Give u(10).
44
Let s(n) = -1056*n**2 + 42262*n - 892. Give s(40).
-12
Let l(y) = 39*y**3 + 23*y + 56. Calculate l(-2).
-302
Let u(h) = -27*h**2 + 362*h + 11. Give u(-1).
-378
Let v(l) = 2*l**3 - 2082*